0*k**2 - 859*k + 214. Give w(12).
-14
Let u(p) = 142*p - 1560. What is u(11)?
2
Let s(a) = -10*a + 183. Give s(20).
-17
Let x(n) = -3*n**3 + 54*n**2 + 58*n + 4. Determine x(19).
23
Let f(w) = 8*w**2 - 525*w + 1312. Calculate f(63).
-11
Let n(c) = -3*c**2 - 17*c + 89. Determine n(-9).
-1
Let v(t) = -10*t - 97. Give v(64).
-737
Let o(c) = 34*c + 652. Determine o(-20).
-28
Let g(p) = -5*p**2 - 123*p - 207. What is g(-23)?
-23
Let q(w) = 13*w**2 - 759*w + 304. Give q(58).
14
Let o(u) = -1130*u - 15787. Give o(-14).
33
Let v(r) = r**2 - 14*r - 329. Determine v(-10).
-89
Let q(f) = -39*f - 1208. What is q(-31)?
1
Let y(l) = -4*l + 104. Determine y(22).
16
Let r(k) = k**3 + 29*k**2 + 3*k + 12. Calculate r(-29).
-75
Let q(s) = 5*s**2 + 54*s + 57. Give q(-11).
68
Let t(v) = 48*v + 198. Determine t(-6).
-90
Let m(x) = x**3 + 17*x**2 - 2682*x + 122. Determine m(-61).
0
Let c(q) = 506*q - 939. Give c(2).
73
Let g(k) = -k**2 + 102*k - 485. Determine g(97).
0
Let h(c) = -19*c + 275. Determine h(9).
104
Let m(u) = 3156*u - 18932. Give m(6).
4
Let w(g) = -g**3 + 17*g**2 - 8. Give w(-5).
542
Let h(b) = -2*b**2 - 54*b - 147. Calculate h(-23).
37
Let m(l) = l**2 - 4*l - 79. What is m(9)?
-34
Let l(f) = -f**3 - 13*f**2 + 229*f + 3004. Determine l(-14).
-6
Let j(i) = -16*i**2 + 201*i - 110. Determine j(12).
-2
Let d(v) = -2*v**3 - 112*v**2 - 114*v - 277. Calculate d(-55).
-57
Let m(b) = 4618*b**2 + 73890*b + 34. Give m(-16).
2
Let m(o) = o**3 + 59*o**2 + 451*o - 23. Give m(-50).
-73
Let h(u) = -u**2 - 34*u - 165. Calculate h(-16).
123
Let h(l) = -27*l**2 - 866*l - 40. Calculate h(-32).
24
Let q(v) = -3*v**3 - 30*v**2 - v + 7. Determine q(0).
7
Let w(u) = 33*u + 1898. Determine w(-45).
413
Let m(a) = -a**3 + 10*a**2 - 447*a + 5042. Calculate m(11).
4
Let k(v) = -v**2 + 3*v + 47. What is k(10)?
-23
Let h(c) = 134*c + 391. What is h(-3)?
-11
Let o(k) = -21*k - 1435. Give o(-68).
-7
Let r(l) = -29*l + 293. Calculate r(10).
3
Let r(m) = 3*m**3 - 8*m**2 + 3*m - 7. What is r(-4)?
-339
Let t(y) = -316*y. Give t(0).
0
Let o(c) = 12258*c - 24510. Give o(2).
6
Let u(i) = 52*i - 426. What is u(8)?
-10
Let d(s) = -5057*s + 50579. Determine d(10).
9
Let u(g) = g**2 - 844*g - 4245. Determine u(-5).
0
Let v(f) = f**3 - 14*f**2 + 54*f - 8. Give v(7).
27
Let q(k) = k**3 - 62*k**2 - 558*k - 74. Determine q(70).
66
Let f(h) = 28*h - 1401. What is f(35)?
-421
Let v(y) = -291*y + 1219. Determine v(7).
-818
Let x(z) = 260*z**2 - 29*z + 30. Determine x(1).
261
Let p(d) = d**2 + 32*d + 53. What is p(-28)?
-59
Let g(j) = j**3 - 17*j**2 + 27*j - 32. What is g(14)?
-242
Let g(k) = 2*k**2 + 9*k - 135. What is g(-11)?
8
Let d(o) = o**3 + 22*o**2 + 97*o + 94. Give d(-4).
-6
Let a(f) = 6*f**2 + 213*f + 308. Determine a(-34).
2
Let g(u) = 2*u**3 + 74*u**2 + 2*u + 246. Give g(-37).
172
Let b(t) = -112*t - 784. Calculate b(-7).
0
Let d(p) = 91*p + 6554. What is d(-72)?
2
Let c(d) = d**3 - 21*d**2 + 108*d + 22. Give c(10).
2
Let f(r) = 3*r**2 - 278*r + 554. Calculate f(2).
10
Let d(p) = -390*p + 787. Calculate d(2).
7
Let s(u) = -u**3 - 3*u**2 + 14*u + 55. Give s(4).
-1
Let d(t) = -t**3 - 4*t**2 + 3*t + 4. What is d(2)?
-14
Let l(h) = -h**3 + 33*h**2 + 28*h + 110. Give l(34).
-94
Let g(k) = 8*k**2 + 168*k + 5. Calculate g(-21).
5
Let j(n) = n**2 + 799*n + 2392. Determine j(-3).
4
Let b(m) = -4*m + 26. Determine b(23).
-66
Let i(c) = -c**3 - 46*c**2 + 96*c + 119. Give i(-48).
119
Let f(l) = -2*l**2 + 38*l + 452. What is f(-9)?
-52
Let u(o) = 66*o - 1496. Determine u(22).
-44
Let n(t) = -96*t**2 + 24*t + 62. Give n(-3).
-874
Let q(t) = 174*t**2 + 17*t + 25. Determine q(0).
25
Let u(v) = 2*v**2 - 58*v + 102. Give u(27).
-6
Let l(x) = x**2 + 31*x + 4. Calculate l(-31).
4
Let p(g) = 2*g**2 - 122*g + 549. Determine p(56).
-11
Let j(z) = 55*z + 1224. Determine j(-24).
-96
Let c(j) = j**2 + 266*j + 2084. Determine c(-8).
20
Let b(i) = -3*i**2 + 159*i + 1268. Give b(-7).
8
Let t(l) = -26*l + 879. Determine t(34).
-5
Let h(c) = 38*c + 605. What is h(-16)?
-3
Let r(d) = d**3 + d**2 - 95*d - 41. Calculate r(-10).
9
Let w(i) = 5*i**2 - 119*i - 71. Give w(26).
215
Let t(h) = 12*h**2 - 91*h - 35. Calculate t(6).
-149
Let v(s) = 109*s - 33. What is v(6)?
621
Let m(h) = 246*h - 1207. What is m(5)?
23
Let z(o) = -220*o + 171. What is z(-4)?
1051
Let t(s) = 13*s - 35. Give t(-7).
-126
Let z(y) = 3*y**3 + 120*y**2 + y + 32. Calculate z(-40).
-8
Let w(l) = 787*l + 13252. What is w(-17)?
-127
Let a(n) = -n**2 + 122*n + 1608. Determine a(-12).
0
Let s(c) = 5*c + 104. Give s(10).
154
Let l(h) = -h**3 - 23*h**2 + 123*h + 3793. Determine l(-19).
12
Let l(o) = -27*o - 487. Determine l(-20).
53
Let o(v) = -3*v**2 + 273*v + 42. Give o(0).
42
Let i(l) = -l**3 - 23*l**2 + 33*l + 1512. Give i(-21).
-63
Let p(i) = -13*i + 105. Calculate p(16).
-103
Let w(p) = -p**3 - 49*p**2 + 210*p - 109. Calculate w(-53).
-3
Let v(b) = -3*b**2 - 29*b - 90. Calculate v(-8).
-50
Let s(i) = i**3 - 18*i**2 - 117*i + 33. Determine s(23).
-13
Let h(d) = d**3 - 57*d**2 + 170*d - 105. What is h(54)?
327
Let r(p) = -p**2 - 34*p - 154. Calculate r(-6).
14
Let y(v) = -44*v + 762. Determine y(21).
-162
Let c(m) = m**3 - 3*m**2 + 294*m - 1186. Determine c(4).
6
Let a(f) = f**3 - 14*f**2 - 94*f - 80. Calculate a(-4).
8
Let m(t) = t**3 - 6*t**2 + 45*t - 106. Give m(3).
2
Let s(n) = -3*n**2 + 10*n + 142. Give s(9).
-11
Let m(c) = 7*c**2 - 38*c - 100. Give m(-2).
4
Let y(w) = -2023*w - 8077. Calculate y(-4).
15
Let u(g) = g**3 + 8*g**2 + 4*g + 2. Determine u(-2).
18
Let s(b) = 9*b**2 - 78*b + 65. Give s(1).
-4
Let a(p) = p**2 + 143*p + 2188. Give a(-17).
46
Let n(g) = g**2 + 29*g - 198. Give n(-35).
12
Let g(v) = v**2 + 11*v + 17. Give g(-3).
-7
Let m(c) = 4*c**2 + 519*c + 16801. What is m(-68)?
5
Let p(k) = 1591*k + 14316. What is p(-9)?
-3
Let u(t) = t**2 - 252*t + 10097. What is u(50)?
-3
Let b(i) = 3*i**2 + 160*i - 870. Give b(5).
5
Let v(o) = 2*o**2 - 16*o + 1. Calculate v(0).
1
Let z(y) = 16*y - 79. Determine z(4).
-15
Let p(d) = 2*d**2 + 377*d - 18271. Give p(40).
9
Let m(k) = 2*k**2 + 35*k - 40. Determine m(-14).
-138
Let g(w) = -7*w**2 - 101*w - 42. Give g(-14).
0
Let o(q) = 642*q - 11566. What is o(18)?
-10
Let a(l) = 81*l - 606. What is a(7)?
-39
Let t(v) = -v**3 - 16*v**2 + 62*v + 1268. Give t(-13).
-45
Let k(d) = d**3 - 1047*d**2 - 8442*d + 11. Determine k(-8).
27
Let g(v) = 539*v - 2723. Determine g(5).
-28
Let b(w) = -w**3 - 6*w**2 + 45*w + 36. What is b(-11)?
146
Let z(o) = 3*o**3 + 9*o**2 - 19*o - 10. Calculate z(-4).
18
Let h(w) = w**3 + 31*w**2 + 151*w + 18. Determine h(-25).
-7
Let z(r) = 7*r**2 + 594*r + 1078. Give z(-83).
-1
Let k(t) = 461*t - 6915. What is k(15)?
0
Let d(r) = r**3 - 42*r**2 + 301*r - 59. Calculate d(33).
73
Let i(f) = 14*f - 204. Determine i(19).
62
Let x(h) = -3*h**2 + 93*h + 62. Calculate x(31).
62
Let s(y) = -5*y - 1. Determine s(13).
-66
Let o(d) = -d**3 - 14*d**2 - 18*d + 13. What is o(-10)?
-207
Let g(j) = -j**3 + 75*j**2 - 82*j + 603. What is g(74)?
11
Let u(m) = -5*m**3 - 24*m**2 + 2*m + 45. Determine u(-5).
60
Let i(w) = -w**2 - 189*w + 2415. Determine i(-201).
3
Let m(y) = y**2 + 34*y + 295. Determine m(-18).
7
Let s(d) = -6*d**2 - 251*d - 208. What is s(-41)?
-3
Let z(d) = -d**2 + 13*d + 85. Determine z(17).
17
Let b(f) = 9*f**2 + 286*f - 58. Determine b(-32).
6
Let o(s) = 12*s**2 - 168*s - 4. Determine o(14).
-4
Let g(i) = -43*i + 7. Calculate g(-2).
93
Let h(c) = 2*c**2 + 15*c + 25. What is h(-17)?
348
Let k(q) = 6*q**2 + 20*q - 333. What is k(6)?
3
Let f(m) = -3*m**2 + 1000*m - 4972. What is f(5)?
-47
Let u(y) = 10*y - 470. Determine u(37).
-100
Let g(f) = 49*f - 134. Calculate g(3).
13
Let i(k) = k**2 - 60*k + 58. Determine i(59).
-1
Let y(n) = -477*n - 1917. Calculate y(-4).
-9
Let y(i) = 2*i**3 - 4*i**2 - 26*i + 41. Give y(3).
-19
Let v(a) = -5*a**3 + 65*a**2 + 16*a - 212. Determine v(13).
-4
Let d(r) = 2*r - 79. Calculate d(47).
15
Let a(c) = 4*c**2 - 6*c + 19. Determine a(5).
89
Let l(j) = 33*j**2 - 301*j. Determine l(9).
-36
Let u(z) = -106*z - 834. Calculate u(-5).
-304
Let q(w) = -36*w - 1628. Calculate q(-45).
-8
Let v(i) = 53*i - 1070. Determine v(21).
43
Let h(j) = -j**3 - 10*j**2 - 72*j - 229. Give h(-5).
6
Let j(b) = 4837*b + 48360. What is j(-10)?
-10
Let c(x) = x**2 + 67*x - 657. What is c(